s the highest common factor of 6370 and 2002?
182
Calculate the greatest common divisor of 17836 and 6188.
364
Calculate the highest common factor of 30508 and 116.
116
What is the greatest common factor of 576 and 1288128?
192
What is the highest common divisor of 579745 and 1880?
235
What is the highest common divisor of 20265 and 147?
21
Calculate the highest common factor of 812 and 476.
28
Calculate the greatest common divisor of 284970 and 46.
46
What is the highest common divisor of 2048 and 960?
64
What is the highest common divisor of 180 and 204090?
30
Calculate the highest common divisor of 1626 and 114.
6
Calculate the greatest common factor of 18 and 623358.
18
Calculate the highest common factor of 7392267 and 711.
711
Calculate the greatest common factor of 56743 and 179.
179
Calculate the greatest common divisor of 63 and 107847.
9
Calculate the highest common factor of 66044 and 146861.
869
Calculate the highest common divisor of 4486548 and 1804.
1804
Calculate the greatest common divisor of 3811 and 8880.
37
What is the greatest common factor of 8587 and 5022?
31
Calculate the greatest common factor of 13601571 and 1578.
789
What is the greatest common factor of 21981 and 969?
51
What is the highest common factor of 21414 and 2322?
258
Calculate the highest common factor of 82436 and 1332.
148
What is the greatest common factor of 1067115 and 63?
21
Calculate the greatest common divisor of 224 and 22.
2
Calculate the greatest common factor of 287 and 2716.
7
What is the highest common divisor of 6846 and 25242?
42
Calculate the greatest common divisor of 30 and 75710.
10
What is the greatest common factor of 3766 and 8608?
538
What is the greatest common divisor of 32 and 25471328?
32
What is the highest common factor of 54 and 1067274?
18
What is the greatest common factor of 1261 and 2587?
13
Calculate the greatest common divisor of 2025 and 165.
15
What is the highest common factor of 610 and 1098?
122
Calculate the highest common divisor of 2043 and 4176.
9
What is the highest common factor of 1144 and 10582?
286
What is the greatest common factor of 2585 and 17625?
235
What is the highest common factor of 64 and 635584?
64
Calculate the greatest common factor of 703 and 1102.
19
Calculate the highest common factor of 1589 and 22927.
227
What is the greatest common divisor of 1446331 and 94?
47
Calculate the highest common divisor of 966916 and 16300.
652
What is the greatest common divisor of 85 and 595?
85
Calculate the greatest common divisor of 8 and 5648880.
8
What is the greatest common factor of 125716 and 212?
212
Calculate the highest common factor of 841890 and 45.
15
What is the greatest common divisor of 2301 and 3055?
13
Calculate the highest common divisor of 134330 and 1862.
266
Calculate the highest common divisor of 135 and 26570.
5
What is the greatest common divisor of 7383 and 759?
69
What is the highest common divisor of 74 and 13579?
37
Calculate the greatest common divisor of 940 and 3928730.
470
What is the highest common factor of 228393 and 198?
99
What is the highest common factor of 317 and 3534233?
317
Calculate the greatest common divisor of 62 and 1702334.
62
Calculate the greatest common divisor of 377876 and 68.
68
What is the greatest common divisor of 3730 and 640?
10
Calculate the greatest common factor of 40678 and 3674.
22
What is the greatest common divisor of 1468 and 32?
4
Calculate the highest common factor of 82850 and 1550.
50
What is the greatest common divisor of 7168 and 42784?
224
What is the greatest common divisor of 130 and 23725?
65
Calculate the greatest common divisor of 882 and 21861.
63
What is the greatest common factor of 56 and 197624?
56
What is the greatest common divisor of 33 and 284185?
11
Calculate the greatest common factor of 33635 and 35.
35
What is the greatest common factor of 5 and 1163?
1
What is the greatest common divisor of 82428 and 48?
12
Calculate the greatest common divisor of 140 and 23860.
20
What is the highest common divisor of 59330 and 850?
170
What is the greatest common factor of 38 and 2466618?
38
Calculate the greatest common factor of 168 and 280.
56
Calculate the greatest common divisor of 1609924 and 4432.
1108
What is the greatest common factor of 5632 and 3124?
44
Calculate the highest common divisor of 1761 and 27.
3
What is the highest common divisor of 380 and 39045?
95
Calculate the greatest common factor of 125556 and 24.
12
Calculate the greatest common divisor of 10 and 26870.
10
Calculate the highest common divisor of 88398 and 54.
54
Calculate the highest common factor of 4255 and 142339.
37
What is the highest common divisor of 498 and 3351042?
498
What is the highest common factor of 735 and 50?
5
Calculate the highest common divisor of 772 and 59.
1
Calculate the highest common factor of 6212 and 892.
4
What is the greatest common factor of 2912 and 868?
28
What is the greatest common divisor of 1656 and 5808?
24
What is the greatest common divisor of 31 and 4419112?
31
Calculate the highest common factor of 116676 and 42.
42
What is the greatest common factor of 303925 and 100?
25
Calculate the greatest common factor of 850 and 59200.
50
Calculate the highest common divisor of 4099794 and 12.
6
Calculate the highest common divisor of 1320 and 6215.
55
Calculate the greatest common divisor of 490 and 646555.
245
What is the greatest common divisor of 180 and 82530?
90
Calculate the greatest common factor of 5376 and 31668.
84
Calculate the greatest common factor of 218016 and 180.
36
What is the highest common divisor of 103100 and 13900?
100
What is the greatest common divisor of 400 and 192950?
50
What is the highest common divisor of 1 and 29423?
1
Calculate the highest common divisor of 222 and 28194.
222
Calculate the greatest common factor of 80 and 137584.
16
What is the highest common factor of 9 and 33195?
3
What is the greatest common factor of 215 and 289240?
5
Calculate the highest common factor of 65870 and 15890.
70
What is the greatest common factor of 845 and 35555?
65
What is the highest common factor of 75 and 2124?
3
Calculate the highest common factor of 92 and 1852903.
23
Calculate the highest common divisor of 8339 and 62.
31
Calculate the greatest common divisor of 460 and 36524.
92
What is the highest common factor of 20897 and 17?
1
Calculate the greatest common factor of 13149 and 1431.
27
What is the highest common factor of 1301216 and 56?
56
Calculate the greatest common divisor of 678600 and 600.
600
What is the highest common divisor of 1495 and 77350?
65
What is the highest common divisor of 5394 and 464?
58
What is the greatest common factor of 160275 and 75?
75
Calculate the highest common divisor of 2746 and 4.
2
What is the highest common factor of 264 and 4543176?
264
What is the greatest common factor of 108 and 3276?
36
Calculate the highest common factor of 34 and 220.
2
Calculate the highest common divisor of 3078 and 2268.
162
What is the highest common divisor of 40 and 16870?
10
What is the highest common factor of 570 and 3030?
30
What is the greatest common factor of 522144 and 54880?
1568
What is the highest common divisor of 20 and 636?
4
Calculate the highest common factor of 3081 and 871.
13
What is the highest common divisor of 783915 and 165?
165
Calculate the highest common factor of 498 and 47514.
6
What is the greatest common divisor of 105282 and 126?
18
What is the greatest common factor of 4400553 and 471?
471
Calculate the greatest common divisor of 1919 and 1900.
19
Calculate the highest common divisor of 24082 and 18.
2
What is the greatest common factor of 1945872 and 16?
16
What is the highest common divisor of 2107 and 2752?
43
What is the highest common divisor of 1844609 and 39?
13
Calculate the highest common factor of 680 and 16760.
40
What is the highest common factor of 379 and 806891?
379
What is the highest common factor of 40 and 4840?
40
Calculate the greatest common factor of 1220 and 3477.
61
What is the greatest common factor of 21629560 and 1370?
1370
Calculate the highest common factor of 633108 and 21.
21
What is the greatest common factor of 3186 and 6962?
118
What is the greatest common factor of 922 and 1208?
2
Calculate the highe